{"id":850,"date":"2023-02-09T18:46:27","date_gmt":"2023-02-09T22:46:27","guid":{"rendered":"https:\/\/eco-tech.inf.br\/?post_type=product&#038;p=850"},"modified":"2023-02-09T18:46:28","modified_gmt":"2023-02-09T22:46:28","slug":"interruptor-inteligente-soquete-e27-intelbras-ews-400","status":"publish","type":"product","link":"https:\/\/eco-tech.inf.br\/index.php\/product\/interruptor-inteligente-soquete-e27-intelbras-ews-400\/","title":{"rendered":"Interruptor Inteligente Soquete E27 Intelbras EWS 400"},"content":{"rendered":"<p>O Interruptor Inteligente Soquete E27 EWS 400 \u00e9 utilizado para transformar a sua l\u00e2mpada comum em ilumina\u00e7\u00e3o inteligente. Permitindo desligar\/ligar, controlar e automatizar a ilumina\u00e7\u00e3o residencial e comercial atrav\u00e9s do aplicativo IZY Smart, de maneira f\u00e1cil e inteligente. Ainda \u00e9 poss\u00edvel cadastrar at\u00e9 10 usu\u00e1rios para que utilizem o dispositivo em conjunto, al\u00e9m de possibilitar programar rotinas de acionamento e desligamento. O produto alia caracter\u00edsticas de praticidade, economia de energia e seguran\u00e7a. Encaixe o soquete smart no bocal padr\u00e3o E27, conecte a l\u00e2mpada de sua prefer\u00eancia e realize as configura\u00e7\u00f5es no aplicativo.<\/p>\n","protected":false},"excerpt":{"rendered":"<p>O Interruptor Inteligente Soquete E27 EWS 400 \u00e9 utilizado para transformar a sua l\u00e2mpada comum em ilumina\u00e7\u00e3o inteligente. Permitindo desligar\/ligar, controlar e automatizar a ilumina\u00e7\u00e3o residencial e comercial atrav\u00e9s do aplicativo IZY Smart, de maneira f\u00e1cil e inteligente. Ainda \u00e9 poss\u00edvel cadastrar at\u00e9 10 usu\u00e1rios para que utilizem o dispositivo em conjunto, al\u00e9m de possibilitar [&hellip;]<\/p>\n","protected":false},"featured_media":851,"comment_status":"closed","ping_status":"closed","template":"","meta":[],"product_cat":[182],"product_tag":[184,183],"yoast_head":"<!-- This site is optimized with the Yoast SEO plugin v23.5 - https:\/\/yoast.com\/wordpress\/plugins\/seo\/ -->\n<title>Interruptor Inteligente Soquete E27 Intelbras EWS 400 - Eco-Tech - Solu\u00e7\u00f5es em tecnologia<\/title>\n<meta name=\"robots\" content=\"index, follow, max-snippet:-1, max-image-preview:large, max-video-preview:-1\" \/>\n<link rel=\"canonical\" href=\"https:\/\/eco-tech.inf.br\/index.php\/product\/interruptor-inteligente-soquete-e27-intelbras-ews-400\/\" \/>\n<meta property=\"og:locale\" content=\"pt_BR\" \/>\n<meta property=\"og:type\" content=\"article\" \/>\n<meta property=\"og:title\" content=\"Interruptor Inteligente Soquete E27 Intelbras EWS 400 - Eco-Tech - Solu\u00e7\u00f5es em tecnologia\" \/>\n<meta property=\"og:description\" content=\"O Interruptor Inteligente Soquete E27 EWS 400 \u00e9 utilizado para transformar a sua l\u00e2mpada comum em ilumina\u00e7\u00e3o inteligente. Permitindo desligar\/ligar, controlar e automatizar a ilumina\u00e7\u00e3o residencial e comercial atrav\u00e9s do aplicativo IZY Smart, de maneira f\u00e1cil e inteligente. Ainda \u00e9 poss\u00edvel cadastrar at\u00e9 10 usu\u00e1rios para que utilizem o dispositivo em conjunto, al\u00e9m de possibilitar [&hellip;]\" \/>\n<meta property=\"og:url\" content=\"https:\/\/eco-tech.inf.br\/index.php\/product\/interruptor-inteligente-soquete-e27-intelbras-ews-400\/\" \/>\n<meta property=\"og:site_name\" content=\"Eco-Tech - Solu\u00e7\u00f5es em tecnologia\" \/>\n<meta property=\"article:publisher\" content=\"https:\/\/www.facebook.com\/EcoTech-Tecnologia-107960038523316\" \/>\n<meta property=\"article:modified_time\" content=\"2023-02-09T22:46:28+00:00\" \/>\n<meta property=\"og:image\" content=\"https:\/\/i0.wp.com\/eco-tech.inf.br\/wp-content\/uploads\/2023\/02\/soquete-removebg-preview.png?fit=247%2C345&ssl=1\" \/>\n\t<meta property=\"og:image:width\" content=\"247\" \/>\n\t<meta property=\"og:image:height\" content=\"345\" \/>\n\t<meta property=\"og:image:type\" content=\"image\/png\" \/>\n<meta name=\"twitter:card\" content=\"summary_large_image\" \/>\n<script type=\"application\/ld+json\" class=\"yoast-schema-graph\">{\"@context\":\"https:\/\/schema.org\",\"@graph\":[{\"@type\":\"WebPage\",\"@id\":\"https:\/\/eco-tech.inf.br\/index.php\/product\/interruptor-inteligente-soquete-e27-intelbras-ews-400\/\",\"url\":\"https:\/\/eco-tech.inf.br\/index.php\/product\/interruptor-inteligente-soquete-e27-intelbras-ews-400\/\",\"name\":\"Interruptor Inteligente Soquete E27 Intelbras EWS 400 - Eco-Tech - Solu\u00e7\u00f5es em tecnologia\",\"isPartOf\":{\"@id\":\"https:\/\/eco-tech.inf.br\/#website\"},\"primaryImageOfPage\":{\"@id\":\"https:\/\/eco-tech.inf.br\/index.php\/product\/interruptor-inteligente-soquete-e27-intelbras-ews-400\/#primaryimage\"},\"image\":{\"@id\":\"https:\/\/eco-tech.inf.br\/index.php\/product\/interruptor-inteligente-soquete-e27-intelbras-ews-400\/#primaryimage\"},\"thumbnailUrl\":\"https:\/\/i0.wp.com\/eco-tech.inf.br\/wp-content\/uploads\/2023\/02\/soquete-removebg-preview.png?fit=247%2C345&ssl=1\",\"datePublished\":\"2023-02-09T22:46:27+00:00\",\"dateModified\":\"2023-02-09T22:46:28+00:00\",\"breadcrumb\":{\"@id\":\"https:\/\/eco-tech.inf.br\/index.php\/product\/interruptor-inteligente-soquete-e27-intelbras-ews-400\/#breadcrumb\"},\"inLanguage\":\"pt-BR\",\"potentialAction\":[{\"@type\":\"ReadAction\",\"target\":[\"https:\/\/eco-tech.inf.br\/index.php\/product\/interruptor-inteligente-soquete-e27-intelbras-ews-400\/\"]}]},{\"@type\":\"ImageObject\",\"inLanguage\":\"pt-BR\",\"@id\":\"https:\/\/eco-tech.inf.br\/index.php\/product\/interruptor-inteligente-soquete-e27-intelbras-ews-400\/#primaryimage\",\"url\":\"https:\/\/i0.wp.com\/eco-tech.inf.br\/wp-content\/uploads\/2023\/02\/soquete-removebg-preview.png?fit=247%2C345&ssl=1\",\"contentUrl\":\"https:\/\/i0.wp.com\/eco-tech.inf.br\/wp-content\/uploads\/2023\/02\/soquete-removebg-preview.png?fit=247%2C345&ssl=1\",\"width\":247,\"height\":345},{\"@type\":\"BreadcrumbList\",\"@id\":\"https:\/\/eco-tech.inf.br\/index.php\/product\/interruptor-inteligente-soquete-e27-intelbras-ews-400\/#breadcrumb\",\"itemListElement\":[{\"@type\":\"ListItem\",\"position\":1,\"name\":\"In\u00edcio\",\"item\":\"https:\/\/eco-tech.inf.br\/\"},{\"@type\":\"ListItem\",\"position\":2,\"name\":\"Produtos\",\"item\":\"https:\/\/eco-tech.inf.br\/index.php\/shop\/\"},{\"@type\":\"ListItem\",\"position\":3,\"name\":\"Interruptor Inteligente Soquete E27 Intelbras EWS 400\"}]},{\"@type\":\"WebSite\",\"@id\":\"https:\/\/eco-tech.inf.br\/#website\",\"url\":\"https:\/\/eco-tech.inf.br\/\",\"name\":\"Eco-Tech - Solu\u00e7\u00f5es em tecnologia\",\"description\":\"Possu\u00edmos mais de 15 (anos) anos de experi\u00eancia levando para o norte do Brasil tecnologia de ponta trazida por grandes organiza\u00e7\u00f5es dos mais variados seguimentos.\",\"publisher\":{\"@id\":\"https:\/\/eco-tech.inf.br\/#organization\"},\"potentialAction\":[{\"@type\":\"SearchAction\",\"target\":{\"@type\":\"EntryPoint\",\"urlTemplate\":\"https:\/\/eco-tech.inf.br\/?s={search_term_string}\"},\"query-input\":{\"@type\":\"PropertyValueSpecification\",\"valueRequired\":true,\"valueName\":\"search_term_string\"}}],\"inLanguage\":\"pt-BR\"},{\"@type\":\"Organization\",\"@id\":\"https:\/\/eco-tech.inf.br\/#organization\",\"name\":\"ELO SOLU\u00c7\u00d5ES TECNOL\u00d3GICA LTDA\",\"url\":\"https:\/\/eco-tech.inf.br\/\",\"logo\":{\"@type\":\"ImageObject\",\"inLanguage\":\"pt-BR\",\"@id\":\"https:\/\/eco-tech.inf.br\/#\/schema\/logo\/image\/\",\"url\":\"https:\/\/i0.wp.com\/eco-tech.inf.br\/wp-content\/uploads\/2022\/03\/cropped-novologo-1.jpg?fit=512%2C512&ssl=1\",\"contentUrl\":\"https:\/\/i0.wp.com\/eco-tech.inf.br\/wp-content\/uploads\/2022\/03\/cropped-novologo-1.jpg?fit=512%2C512&ssl=1\",\"width\":512,\"height\":512,\"caption\":\"ELO SOLU\u00c7\u00d5ES TECNOL\u00d3GICA LTDA\"},\"image\":{\"@id\":\"https:\/\/eco-tech.inf.br\/#\/schema\/logo\/image\/\"},\"sameAs\":[\"https:\/\/www.facebook.com\/EcoTech-Tecnologia-107960038523316\",\"https:\/\/www.instagram.com\/p\/CbRSB23MmFd\/?utm_medium=copy_link\"]}]}<\/script>\n<!-- \/ Yoast SEO plugin. -->","yoast_head_json":{"title":"Interruptor Inteligente Soquete E27 Intelbras EWS 400 - Eco-Tech - Solu\u00e7\u00f5es em tecnologia","robots":{"index":"index","follow":"follow","max-snippet":"max-snippet:-1","max-image-preview":"max-image-preview:large","max-video-preview":"max-video-preview:-1"},"canonical":"https:\/\/eco-tech.inf.br\/index.php\/product\/interruptor-inteligente-soquete-e27-intelbras-ews-400\/","og_locale":"pt_BR","og_type":"article","og_title":"Interruptor Inteligente Soquete E27 Intelbras EWS 400 - Eco-Tech - Solu\u00e7\u00f5es em tecnologia","og_description":"O Interruptor Inteligente Soquete E27 EWS 400 \u00e9 utilizado para transformar a sua l\u00e2mpada comum em ilumina\u00e7\u00e3o inteligente. Permitindo desligar\/ligar, controlar e automatizar a ilumina\u00e7\u00e3o residencial e comercial atrav\u00e9s do aplicativo IZY Smart, de maneira f\u00e1cil e inteligente. Ainda \u00e9 poss\u00edvel cadastrar at\u00e9 10 usu\u00e1rios para que utilizem o dispositivo em conjunto, al\u00e9m de possibilitar [&hellip;]","og_url":"https:\/\/eco-tech.inf.br\/index.php\/product\/interruptor-inteligente-soquete-e27-intelbras-ews-400\/","og_site_name":"Eco-Tech - Solu\u00e7\u00f5es em tecnologia","article_publisher":"https:\/\/www.facebook.com\/EcoTech-Tecnologia-107960038523316","article_modified_time":"2023-02-09T22:46:28+00:00","og_image":[{"width":247,"height":345,"url":"https:\/\/i0.wp.com\/eco-tech.inf.br\/wp-content\/uploads\/2023\/02\/soquete-removebg-preview.png?fit=247%2C345&ssl=1","type":"image\/png"}],"twitter_card":"summary_large_image","schema":{"@context":"https:\/\/schema.org","@graph":[{"@type":"WebPage","@id":"https:\/\/eco-tech.inf.br\/index.php\/product\/interruptor-inteligente-soquete-e27-intelbras-ews-400\/","url":"https:\/\/eco-tech.inf.br\/index.php\/product\/interruptor-inteligente-soquete-e27-intelbras-ews-400\/","name":"Interruptor Inteligente Soquete E27 Intelbras EWS 400 - Eco-Tech - Solu\u00e7\u00f5es em tecnologia","isPartOf":{"@id":"https:\/\/eco-tech.inf.br\/#website"},"primaryImageOfPage":{"@id":"https:\/\/eco-tech.inf.br\/index.php\/product\/interruptor-inteligente-soquete-e27-intelbras-ews-400\/#primaryimage"},"image":{"@id":"https:\/\/eco-tech.inf.br\/index.php\/product\/interruptor-inteligente-soquete-e27-intelbras-ews-400\/#primaryimage"},"thumbnailUrl":"https:\/\/i0.wp.com\/eco-tech.inf.br\/wp-content\/uploads\/2023\/02\/soquete-removebg-preview.png?fit=247%2C345&ssl=1","datePublished":"2023-02-09T22:46:27+00:00","dateModified":"2023-02-09T22:46:28+00:00","breadcrumb":{"@id":"https:\/\/eco-tech.inf.br\/index.php\/product\/interruptor-inteligente-soquete-e27-intelbras-ews-400\/#breadcrumb"},"inLanguage":"pt-BR","potentialAction":[{"@type":"ReadAction","target":["https:\/\/eco-tech.inf.br\/index.php\/product\/interruptor-inteligente-soquete-e27-intelbras-ews-400\/"]}]},{"@type":"ImageObject","inLanguage":"pt-BR","@id":"https:\/\/eco-tech.inf.br\/index.php\/product\/interruptor-inteligente-soquete-e27-intelbras-ews-400\/#primaryimage","url":"https:\/\/i0.wp.com\/eco-tech.inf.br\/wp-content\/uploads\/2023\/02\/soquete-removebg-preview.png?fit=247%2C345&ssl=1","contentUrl":"https:\/\/i0.wp.com\/eco-tech.inf.br\/wp-content\/uploads\/2023\/02\/soquete-removebg-preview.png?fit=247%2C345&ssl=1","width":247,"height":345},{"@type":"BreadcrumbList","@id":"https:\/\/eco-tech.inf.br\/index.php\/product\/interruptor-inteligente-soquete-e27-intelbras-ews-400\/#breadcrumb","itemListElement":[{"@type":"ListItem","position":1,"name":"In\u00edcio","item":"https:\/\/eco-tech.inf.br\/"},{"@type":"ListItem","position":2,"name":"Produtos","item":"https:\/\/eco-tech.inf.br\/index.php\/shop\/"},{"@type":"ListItem","position":3,"name":"Interruptor Inteligente Soquete E27 Intelbras EWS 400"}]},{"@type":"WebSite","@id":"https:\/\/eco-tech.inf.br\/#website","url":"https:\/\/eco-tech.inf.br\/","name":"Eco-Tech - Solu\u00e7\u00f5es em tecnologia","description":"Possu\u00edmos mais de 15 (anos) anos de experi\u00eancia levando para o norte do Brasil tecnologia de ponta trazida por grandes organiza\u00e7\u00f5es dos mais variados seguimentos.","publisher":{"@id":"https:\/\/eco-tech.inf.br\/#organization"},"potentialAction":[{"@type":"SearchAction","target":{"@type":"EntryPoint","urlTemplate":"https:\/\/eco-tech.inf.br\/?s={search_term_string}"},"query-input":{"@type":"PropertyValueSpecification","valueRequired":true,"valueName":"search_term_string"}}],"inLanguage":"pt-BR"},{"@type":"Organization","@id":"https:\/\/eco-tech.inf.br\/#organization","name":"ELO SOLU\u00c7\u00d5ES TECNOL\u00d3GICA LTDA","url":"https:\/\/eco-tech.inf.br\/","logo":{"@type":"ImageObject","inLanguage":"pt-BR","@id":"https:\/\/eco-tech.inf.br\/#\/schema\/logo\/image\/","url":"https:\/\/i0.wp.com\/eco-tech.inf.br\/wp-content\/uploads\/2022\/03\/cropped-novologo-1.jpg?fit=512%2C512&ssl=1","contentUrl":"https:\/\/i0.wp.com\/eco-tech.inf.br\/wp-content\/uploads\/2022\/03\/cropped-novologo-1.jpg?fit=512%2C512&ssl=1","width":512,"height":512,"caption":"ELO SOLU\u00c7\u00d5ES TECNOL\u00d3GICA LTDA"},"image":{"@id":"https:\/\/eco-tech.inf.br\/#\/schema\/logo\/image\/"},"sameAs":["https:\/\/www.facebook.com\/EcoTech-Tecnologia-107960038523316","https:\/\/www.instagram.com\/p\/CbRSB23MmFd\/?utm_medium=copy_link"]}]}},"jetpack_sharing_enabled":true,"_links":{"self":[{"href":"https:\/\/eco-tech.inf.br\/index.php\/wp-json\/wp\/v2\/product\/850"}],"collection":[{"href":"https:\/\/eco-tech.inf.br\/index.php\/wp-json\/wp\/v2\/product"}],"about":[{"href":"https:\/\/eco-tech.inf.br\/index.php\/wp-json\/wp\/v2\/types\/product"}],"replies":[{"embeddable":true,"href":"https:\/\/eco-tech.inf.br\/index.php\/wp-json\/wp\/v2\/comments?post=850"}],"wp:featuredmedia":[{"embeddable":true,"href":"https:\/\/eco-tech.inf.br\/index.php\/wp-json\/wp\/v2\/media\/851"}],"wp:attachment":[{"href":"https:\/\/eco-tech.inf.br\/index.php\/wp-json\/wp\/v2\/media?parent=850"}],"wp:term":[{"taxonomy":"product_cat","embeddable":true,"href":"https:\/\/eco-tech.inf.br\/index.php\/wp-json\/wp\/v2\/product_cat?post=850"},{"taxonomy":"product_tag","embeddable":true,"href":"https:\/\/eco-tech.inf.br\/index.php\/wp-json\/wp\/v2\/product_tag?post=850"}],"curies":[{"name":"wp","href":"https:\/\/api.w.org\/{rel}","templated":true}]}}