{"id":294,"date":"2022-04-10T22:51:40","date_gmt":"2022-04-11T02:51:40","guid":{"rendered":"https:\/\/eco-tech.inf.br\/?post_type=product&#038;p=294"},"modified":"2022-04-11T00:11:23","modified_gmt":"2022-04-11T04:11:23","slug":"sistema-elo-modulo-financeiro","status":"publish","type":"product","link":"https:\/\/eco-tech.inf.br\/index.php\/product\/sistema-elo-modulo-financeiro\/","title":{"rendered":"Sistema Elo &#8211; M\u00f3dulo Financeiro"},"content":{"rendered":"<p><span class=\"fontstyle0\">Contas a Pagar<br \/>\n<\/span><span class=\"fontstyle0\">Contas a Receber<br \/>\n<\/span><span class=\"fontstyle0\">Caixa Geral<br \/>\n<\/span><span class=\"fontstyle0\">Manuten\u00e7\u00e3o de T\u00edtulos<br \/>\n<\/span><span class=\"fontstyle0\">Relat\u00f3rios Diversos<br \/>\n<\/span><span class=\"fontstyle0\">Concilia\u00e7\u00e3o Banc\u00e1ria<\/span><\/p>\n<p>Caixa PDV<\/p>\n<p>&nbsp;<\/p>\n<p><strong>ATEN\u00c7\u00c3O PRE\u00c7O PARA UM USU\u00c1RIO&#8230;. Para um projeto maior, entre em contato.<\/strong><\/p>\n","protected":false},"excerpt":{"rendered":"<p>Contas a Pagar Contas a Receber Caixa Geral Manuten\u00e7\u00e3o de T\u00edtulos Relat\u00f3rios Diversos Concilia\u00e7\u00e3o Banc\u00e1ria Caixa PDV &nbsp; ATEN\u00c7\u00c3O PRE\u00c7O PARA UM USU\u00c1RIO&#8230;. Para um projeto maior, entre em contato.<\/p>\n","protected":false},"featured_media":296,"comment_status":"closed","ping_status":"closed","template":"","meta":[],"product_cat":[23],"product_tag":[84,91,92,93,90,94],"yoast_head":"<!-- This site is optimized with the Yoast SEO plugin v23.5 - https:\/\/yoast.com\/wordpress\/plugins\/seo\/ -->\n<title>Sistema Elo - M\u00f3dulo Financeiro - Eco-Tech - Solu\u00e7\u00f5es em tecnologia ixa%<\/title>\n<meta name=\"robots\" content=\"index, follow, max-snippet:-1, max-image-preview:large, max-video-preview:-1\" \/>\n<link rel=\"canonical\" href=\"https:\/\/eco-tech.inf.br\/index.php\/product\/sistema-elo-modulo-financeiro\/\" \/>\n<meta property=\"og:locale\" content=\"pt_BR\" \/>\n<meta property=\"og:type\" content=\"article\" \/>\n<meta property=\"og:title\" content=\"Sistema Elo - M\u00f3dulo Financeiro - Eco-Tech - Solu\u00e7\u00f5es em tecnologia ixa%\" \/>\n<meta property=\"og:description\" content=\"Contas a Pagar Contas a Receber Caixa Geral Manuten\u00e7\u00e3o de T\u00edtulos Relat\u00f3rios Diversos Concilia\u00e7\u00e3o Banc\u00e1ria Caixa PDV &nbsp; ATEN\u00c7\u00c3O PRE\u00c7O PARA UM USU\u00c1RIO&#8230;. Para um projeto maior, entre em contato.\" \/>\n<meta property=\"og:url\" content=\"https:\/\/eco-tech.inf.br\/index.php\/product\/sistema-elo-modulo-financeiro\/\" \/>\n<meta property=\"og:site_name\" content=\"Eco-Tech - Solu\u00e7\u00f5es em tecnologia\" \/>\n<meta property=\"article:publisher\" content=\"https:\/\/www.facebook.com\/EcoTech-Tecnologia-107960038523316\" \/>\n<meta property=\"article:modified_time\" content=\"2022-04-11T04:11:23+00:00\" \/>\n<meta property=\"og:image\" content=\"https:\/\/i0.wp.com\/eco-tech.inf.br\/wp-content\/uploads\/2022\/04\/Financeiro.png?fit=485%2C506&ssl=1\" \/>\n\t<meta property=\"og:image:width\" content=\"485\" \/>\n\t<meta property=\"og:image:height\" content=\"506\" \/>\n\t<meta property=\"og:image:type\" content=\"image\/png\" \/>\n<meta name=\"twitter:card\" content=\"summary_large_image\" \/>\n<meta name=\"twitter:label1\" content=\"Est. tempo de leitura\" \/>\n\t<meta name=\"twitter:data1\" content=\"1 minuto\" \/>\n<script type=\"application\/ld+json\" class=\"yoast-schema-graph\">{\"@context\":\"https:\/\/schema.org\",\"@graph\":[{\"@type\":\"WebPage\",\"@id\":\"https:\/\/eco-tech.inf.br\/index.php\/product\/sistema-elo-modulo-financeiro\/\",\"url\":\"https:\/\/eco-tech.inf.br\/index.php\/product\/sistema-elo-modulo-financeiro\/\",\"name\":\"Sistema Elo - M\u00f3dulo Financeiro - Eco-Tech - Solu\u00e7\u00f5es em tecnologia ixa%\",\"isPartOf\":{\"@id\":\"https:\/\/eco-tech.inf.br\/#website\"},\"primaryImageOfPage\":{\"@id\":\"https:\/\/eco-tech.inf.br\/index.php\/product\/sistema-elo-modulo-financeiro\/#primaryimage\"},\"image\":{\"@id\":\"https:\/\/eco-tech.inf.br\/index.php\/product\/sistema-elo-modulo-financeiro\/#primaryimage\"},\"thumbnailUrl\":\"https:\/\/i0.wp.com\/eco-tech.inf.br\/wp-content\/uploads\/2022\/04\/Financeiro.png?fit=485%2C506&ssl=1\",\"datePublished\":\"2022-04-11T02:51:40+00:00\",\"dateModified\":\"2022-04-11T04:11:23+00:00\",\"breadcrumb\":{\"@id\":\"https:\/\/eco-tech.inf.br\/index.php\/product\/sistema-elo-modulo-financeiro\/#breadcrumb\"},\"inLanguage\":\"pt-BR\",\"potentialAction\":[{\"@type\":\"ReadAction\",\"target\":[\"https:\/\/eco-tech.inf.br\/index.php\/product\/sistema-elo-modulo-financeiro\/\"]}]},{\"@type\":\"ImageObject\",\"inLanguage\":\"pt-BR\",\"@id\":\"https:\/\/eco-tech.inf.br\/index.php\/product\/sistema-elo-modulo-financeiro\/#primaryimage\",\"url\":\"https:\/\/i0.wp.com\/eco-tech.inf.br\/wp-content\/uploads\/2022\/04\/Financeiro.png?fit=485%2C506&ssl=1\",\"contentUrl\":\"https:\/\/i0.wp.com\/eco-tech.inf.br\/wp-content\/uploads\/2022\/04\/Financeiro.png?fit=485%2C506&ssl=1\",\"width\":485,\"height\":506},{\"@type\":\"BreadcrumbList\",\"@id\":\"https:\/\/eco-tech.inf.br\/index.php\/product\/sistema-elo-modulo-financeiro\/#breadcrumb\",\"itemListElement\":[{\"@type\":\"ListItem\",\"position\":1,\"name\":\"In\u00edcio\",\"item\":\"https:\/\/eco-tech.inf.br\/\"},{\"@type\":\"ListItem\",\"position\":2,\"name\":\"Produtos\",\"item\":\"https:\/\/eco-tech.inf.br\/index.php\/shop\/\"},{\"@type\":\"ListItem\",\"position\":3,\"name\":\"Sistema Elo &#8211; M\u00f3dulo Financeiro\"}]},{\"@type\":\"WebSite\",\"@id\":\"https:\/\/eco-tech.inf.br\/#website\",\"url\":\"https:\/\/eco-tech.inf.br\/\",\"name\":\"Eco-Tech - Solu\u00e7\u00f5es em tecnologia\",\"description\":\"Possu\u00edmos mais de 15 (anos) anos de experi\u00eancia levando para o norte do Brasil tecnologia de ponta trazida por grandes organiza\u00e7\u00f5es dos mais variados seguimentos.\",\"publisher\":{\"@id\":\"https:\/\/eco-tech.inf.br\/#organization\"},\"potentialAction\":[{\"@type\":\"SearchAction\",\"target\":{\"@type\":\"EntryPoint\",\"urlTemplate\":\"https:\/\/eco-tech.inf.br\/?s={search_term_string}\"},\"query-input\":{\"@type\":\"PropertyValueSpecification\",\"valueRequired\":true,\"valueName\":\"search_term_string\"}}],\"inLanguage\":\"pt-BR\"},{\"@type\":\"Organization\",\"@id\":\"https:\/\/eco-tech.inf.br\/#organization\",\"name\":\"ELO SOLU\u00c7\u00d5ES TECNOL\u00d3GICA LTDA\",\"url\":\"https:\/\/eco-tech.inf.br\/\",\"logo\":{\"@type\":\"ImageObject\",\"inLanguage\":\"pt-BR\",\"@id\":\"https:\/\/eco-tech.inf.br\/#\/schema\/logo\/image\/\",\"url\":\"https:\/\/i0.wp.com\/eco-tech.inf.br\/wp-content\/uploads\/2022\/03\/cropped-novologo-1.jpg?fit=512%2C512&ssl=1\",\"contentUrl\":\"https:\/\/i0.wp.com\/eco-tech.inf.br\/wp-content\/uploads\/2022\/03\/cropped-novologo-1.jpg?fit=512%2C512&ssl=1\",\"width\":512,\"height\":512,\"caption\":\"ELO SOLU\u00c7\u00d5ES TECNOL\u00d3GICA LTDA\"},\"image\":{\"@id\":\"https:\/\/eco-tech.inf.br\/#\/schema\/logo\/image\/\"},\"sameAs\":[\"https:\/\/www.facebook.com\/EcoTech-Tecnologia-107960038523316\",\"https:\/\/www.instagram.com\/p\/CbRSB23MmFd\/?utm_medium=copy_link\"]}]}<\/script>\n<!-- \/ Yoast SEO plugin. -->","yoast_head_json":{"title":"Sistema Elo - M\u00f3dulo Financeiro - Eco-Tech - Solu\u00e7\u00f5es em tecnologia ixa%","robots":{"index":"index","follow":"follow","max-snippet":"max-snippet:-1","max-image-preview":"max-image-preview:large","max-video-preview":"max-video-preview:-1"},"canonical":"https:\/\/eco-tech.inf.br\/index.php\/product\/sistema-elo-modulo-financeiro\/","og_locale":"pt_BR","og_type":"article","og_title":"Sistema Elo - M\u00f3dulo Financeiro - Eco-Tech - Solu\u00e7\u00f5es em tecnologia ixa%","og_description":"Contas a Pagar Contas a Receber Caixa Geral Manuten\u00e7\u00e3o de T\u00edtulos Relat\u00f3rios Diversos Concilia\u00e7\u00e3o Banc\u00e1ria Caixa PDV &nbsp; ATEN\u00c7\u00c3O PRE\u00c7O PARA UM USU\u00c1RIO&#8230;. Para um projeto maior, entre em contato.","og_url":"https:\/\/eco-tech.inf.br\/index.php\/product\/sistema-elo-modulo-financeiro\/","og_site_name":"Eco-Tech - Solu\u00e7\u00f5es em tecnologia","article_publisher":"https:\/\/www.facebook.com\/EcoTech-Tecnologia-107960038523316","article_modified_time":"2022-04-11T04:11:23+00:00","og_image":[{"width":485,"height":506,"url":"https:\/\/i0.wp.com\/eco-tech.inf.br\/wp-content\/uploads\/2022\/04\/Financeiro.png?fit=485%2C506&ssl=1","type":"image\/png"}],"twitter_card":"summary_large_image","twitter_misc":{"Est. tempo de leitura":"1 minuto"},"schema":{"@context":"https:\/\/schema.org","@graph":[{"@type":"WebPage","@id":"https:\/\/eco-tech.inf.br\/index.php\/product\/sistema-elo-modulo-financeiro\/","url":"https:\/\/eco-tech.inf.br\/index.php\/product\/sistema-elo-modulo-financeiro\/","name":"Sistema Elo - M\u00f3dulo Financeiro - Eco-Tech - Solu\u00e7\u00f5es em tecnologia ixa%","isPartOf":{"@id":"https:\/\/eco-tech.inf.br\/#website"},"primaryImageOfPage":{"@id":"https:\/\/eco-tech.inf.br\/index.php\/product\/sistema-elo-modulo-financeiro\/#primaryimage"},"image":{"@id":"https:\/\/eco-tech.inf.br\/index.php\/product\/sistema-elo-modulo-financeiro\/#primaryimage"},"thumbnailUrl":"https:\/\/i0.wp.com\/eco-tech.inf.br\/wp-content\/uploads\/2022\/04\/Financeiro.png?fit=485%2C506&ssl=1","datePublished":"2022-04-11T02:51:40+00:00","dateModified":"2022-04-11T04:11:23+00:00","breadcrumb":{"@id":"https:\/\/eco-tech.inf.br\/index.php\/product\/sistema-elo-modulo-financeiro\/#breadcrumb"},"inLanguage":"pt-BR","potentialAction":[{"@type":"ReadAction","target":["https:\/\/eco-tech.inf.br\/index.php\/product\/sistema-elo-modulo-financeiro\/"]}]},{"@type":"ImageObject","inLanguage":"pt-BR","@id":"https:\/\/eco-tech.inf.br\/index.php\/product\/sistema-elo-modulo-financeiro\/#primaryimage","url":"https:\/\/i0.wp.com\/eco-tech.inf.br\/wp-content\/uploads\/2022\/04\/Financeiro.png?fit=485%2C506&ssl=1","contentUrl":"https:\/\/i0.wp.com\/eco-tech.inf.br\/wp-content\/uploads\/2022\/04\/Financeiro.png?fit=485%2C506&ssl=1","width":485,"height":506},{"@type":"BreadcrumbList","@id":"https:\/\/eco-tech.inf.br\/index.php\/product\/sistema-elo-modulo-financeiro\/#breadcrumb","itemListElement":[{"@type":"ListItem","position":1,"name":"In\u00edcio","item":"https:\/\/eco-tech.inf.br\/"},{"@type":"ListItem","position":2,"name":"Produtos","item":"https:\/\/eco-tech.inf.br\/index.php\/shop\/"},{"@type":"ListItem","position":3,"name":"Sistema Elo &#8211; M\u00f3dulo Financeiro"}]},{"@type":"WebSite","@id":"https:\/\/eco-tech.inf.br\/#website","url":"https:\/\/eco-tech.inf.br\/","name":"Eco-Tech - Solu\u00e7\u00f5es em tecnologia","description":"Possu\u00edmos mais de 15 (anos) anos de experi\u00eancia levando para o norte do Brasil tecnologia de ponta trazida por grandes organiza\u00e7\u00f5es dos mais variados seguimentos.","publisher":{"@id":"https:\/\/eco-tech.inf.br\/#organization"},"potentialAction":[{"@type":"SearchAction","target":{"@type":"EntryPoint","urlTemplate":"https:\/\/eco-tech.inf.br\/?s={search_term_string}"},"query-input":{"@type":"PropertyValueSpecification","valueRequired":true,"valueName":"search_term_string"}}],"inLanguage":"pt-BR"},{"@type":"Organization","@id":"https:\/\/eco-tech.inf.br\/#organization","name":"ELO SOLU\u00c7\u00d5ES TECNOL\u00d3GICA LTDA","url":"https:\/\/eco-tech.inf.br\/","logo":{"@type":"ImageObject","inLanguage":"pt-BR","@id":"https:\/\/eco-tech.inf.br\/#\/schema\/logo\/image\/","url":"https:\/\/i0.wp.com\/eco-tech.inf.br\/wp-content\/uploads\/2022\/03\/cropped-novologo-1.jpg?fit=512%2C512&ssl=1","contentUrl":"https:\/\/i0.wp.com\/eco-tech.inf.br\/wp-content\/uploads\/2022\/03\/cropped-novologo-1.jpg?fit=512%2C512&ssl=1","width":512,"height":512,"caption":"ELO SOLU\u00c7\u00d5ES TECNOL\u00d3GICA LTDA"},"image":{"@id":"https:\/\/eco-tech.inf.br\/#\/schema\/logo\/image\/"},"sameAs":["https:\/\/www.facebook.com\/EcoTech-Tecnologia-107960038523316","https:\/\/www.instagram.com\/p\/CbRSB23MmFd\/?utm_medium=copy_link"]}]}},"jetpack_sharing_enabled":true,"_links":{"self":[{"href":"https:\/\/eco-tech.inf.br\/index.php\/wp-json\/wp\/v2\/product\/294"}],"collection":[{"href":"https:\/\/eco-tech.inf.br\/index.php\/wp-json\/wp\/v2\/product"}],"about":[{"href":"https:\/\/eco-tech.inf.br\/index.php\/wp-json\/wp\/v2\/types\/product"}],"replies":[{"embeddable":true,"href":"https:\/\/eco-tech.inf.br\/index.php\/wp-json\/wp\/v2\/comments?post=294"}],"wp:featuredmedia":[{"embeddable":true,"href":"https:\/\/eco-tech.inf.br\/index.php\/wp-json\/wp\/v2\/media\/296"}],"wp:attachment":[{"href":"https:\/\/eco-tech.inf.br\/index.php\/wp-json\/wp\/v2\/media?parent=294"}],"wp:term":[{"taxonomy":"product_cat","embeddable":true,"href":"https:\/\/eco-tech.inf.br\/index.php\/wp-json\/wp\/v2\/product_cat?post=294"},{"taxonomy":"product_tag","embeddable":true,"href":"https:\/\/eco-tech.inf.br\/index.php\/wp-json\/wp\/v2\/product_tag?post=294"}],"curies":[{"name":"wp","href":"https:\/\/api.w.org\/{rel}","templated":true}]}}