{"id":212,"date":"2022-03-27T16:40:25","date_gmt":"2022-03-27T20:40:25","guid":{"rendered":"https:\/\/eco-tech.inf.br\/?post_type=product&#038;p=212"},"modified":"2022-03-27T16:40:25","modified_gmt":"2022-03-27T20:40:25","slug":"cabo-hdmi-5-metros-1-4-emborrachado-exbom","status":"publish","type":"product","link":"https:\/\/eco-tech.inf.br\/index.php\/product\/cabo-hdmi-5-metros-1-4-emborrachado-exbom\/","title":{"rendered":"Cabo HDMI 5 Metros 1.4 Emborrachado EXBOM"},"content":{"rendered":"<p>O cabo HDMI vers\u00e3o 1.4 \u00e9 indicado para a conex\u00e3o com aparelhos com entrada HDMI como TVs, videogames, computadores e monitores. O uso do cabo garante uma \u00f3tima conectividade e consequentemente uma transmiss\u00e3o de dados sem perda de sinal. Possui revestimento emborrachado, conectores inoxid\u00e1veis e banhados a outo evitando ru\u00eddos e interfer\u00eancias. A estrutura \u00e9 bem resistente, o que garante uma vida longa \u00fatil. Aproveite ao m\u00e1ximo a experi\u00eancia em alta defini\u00e7\u00e3o que os seus aparelhos podem oferecer.<\/p>\n<p>&nbsp;<\/p>\n<p>Especifica\u00e7\u00f5es:<\/p>\n<p>&#8211; Comprimento do cabo: 5 metros<\/p>\n<p>&#8211; Vers\u00e3o:1.4<\/p>\n<p>&#8211; Indicado para conectar DVD Player, blu-ray, videogames, receptor e conversor de TV digital, TVs de Plasma, LCD, LED e monitores.<\/p>\n<p>&#8211; Compat\u00edvel com resolu\u00e7\u00f5es de 480i, 480p, 720i, 720p, 1080i e 1080p<\/p>\n<p>&#8211; Blindagem tripla para m\u00e1xima isola\u00e7\u00e3o contra interfer\u00eancias externas<\/p>\n<p>&#8211; Revestimento externo em PVC de alta qualidade<\/p>\n<p>&#8211; Conectores banhados a ouro<\/p>\n<p>&#8211; Insuladores de polietileno (FPE) blindados por fita Mylar<\/p>\n<p>&#8211; Suporte: Fll HD, Lossless Audio T\/ Deep Color T<\/p>\n<p>&nbsp;<\/p>\n<p>Itens Inclusos:<\/p>\n<p>01 Cabo HDMI 5 metros &#8211; Exbom<\/p>\n","protected":false},"excerpt":{"rendered":"<p>O cabo HDMI vers\u00e3o 1.4 \u00e9 indicado para a conex\u00e3o com aparelhos com entrada HDMI como TVs, videogames, computadores e monitores. O uso do cabo garante uma \u00f3tima conectividade e consequentemente uma transmiss\u00e3o de dados sem perda de sinal. Possui revestimento emborrachado, conectores inoxid\u00e1veis e banhados a outo evitando ru\u00eddos e interfer\u00eancias. A estrutura \u00e9 [&hellip;]<\/p>\n","protected":false},"featured_media":213,"comment_status":"closed","ping_status":"closed","template":"","meta":[],"product_cat":[21,35],"product_tag":[36,50],"yoast_head":"<!-- This site is optimized with the Yoast SEO plugin v23.5 - https:\/\/yoast.com\/wordpress\/plugins\/seo\/ -->\n<title>Cabo HDMI 5 Metros 1.4 Emborrachado EXBOM - Eco-Tech - Solu\u00e7\u00f5es em tecnologia<\/title>\n<meta name=\"robots\" content=\"index, follow, max-snippet:-1, max-image-preview:large, max-video-preview:-1\" \/>\n<link rel=\"canonical\" href=\"https:\/\/eco-tech.inf.br\/index.php\/product\/cabo-hdmi-5-metros-1-4-emborrachado-exbom\/\" \/>\n<meta property=\"og:locale\" content=\"pt_BR\" \/>\n<meta property=\"og:type\" content=\"article\" \/>\n<meta property=\"og:title\" content=\"Cabo HDMI 5 Metros 1.4 Emborrachado EXBOM - Eco-Tech - Solu\u00e7\u00f5es em tecnologia\" \/>\n<meta property=\"og:description\" content=\"O cabo HDMI vers\u00e3o 1.4 \u00e9 indicado para a conex\u00e3o com aparelhos com entrada HDMI como TVs, videogames, computadores e monitores. O uso do cabo garante uma \u00f3tima conectividade e consequentemente uma transmiss\u00e3o de dados sem perda de sinal. Possui revestimento emborrachado, conectores inoxid\u00e1veis e banhados a outo evitando ru\u00eddos e interfer\u00eancias. A estrutura \u00e9 [&hellip;]\" \/>\n<meta property=\"og:url\" content=\"https:\/\/eco-tech.inf.br\/index.php\/product\/cabo-hdmi-5-metros-1-4-emborrachado-exbom\/\" \/>\n<meta property=\"og:site_name\" content=\"Eco-Tech - Solu\u00e7\u00f5es em tecnologia\" \/>\n<meta property=\"article:publisher\" content=\"https:\/\/www.facebook.com\/EcoTech-Tecnologia-107960038523316\" \/>\n<meta property=\"og:image\" content=\"https:\/\/i0.wp.com\/eco-tech.inf.br\/wp-content\/uploads\/2022\/03\/cb0442.png?fit=390%2C382&ssl=1\" \/>\n\t<meta property=\"og:image:width\" content=\"390\" \/>\n\t<meta property=\"og:image:height\" content=\"382\" \/>\n\t<meta property=\"og:image:type\" content=\"image\/png\" \/>\n<meta name=\"twitter:card\" content=\"summary_large_image\" \/>\n<meta name=\"twitter:label1\" content=\"Est. tempo de leitura\" \/>\n\t<meta name=\"twitter:data1\" content=\"1 minuto\" \/>\n<script type=\"application\/ld+json\" class=\"yoast-schema-graph\">{\"@context\":\"https:\/\/schema.org\",\"@graph\":[{\"@type\":\"WebPage\",\"@id\":\"https:\/\/eco-tech.inf.br\/index.php\/product\/cabo-hdmi-5-metros-1-4-emborrachado-exbom\/\",\"url\":\"https:\/\/eco-tech.inf.br\/index.php\/product\/cabo-hdmi-5-metros-1-4-emborrachado-exbom\/\",\"name\":\"Cabo HDMI 5 Metros 1.4 Emborrachado EXBOM - Eco-Tech - Solu\u00e7\u00f5es em tecnologia\",\"isPartOf\":{\"@id\":\"https:\/\/eco-tech.inf.br\/#website\"},\"primaryImageOfPage\":{\"@id\":\"https:\/\/eco-tech.inf.br\/index.php\/product\/cabo-hdmi-5-metros-1-4-emborrachado-exbom\/#primaryimage\"},\"image\":{\"@id\":\"https:\/\/eco-tech.inf.br\/index.php\/product\/cabo-hdmi-5-metros-1-4-emborrachado-exbom\/#primaryimage\"},\"thumbnailUrl\":\"https:\/\/i0.wp.com\/eco-tech.inf.br\/wp-content\/uploads\/2022\/03\/cb0442.png?fit=390%2C382&ssl=1\",\"datePublished\":\"2022-03-27T20:40:25+00:00\",\"dateModified\":\"2022-03-27T20:40:25+00:00\",\"breadcrumb\":{\"@id\":\"https:\/\/eco-tech.inf.br\/index.php\/product\/cabo-hdmi-5-metros-1-4-emborrachado-exbom\/#breadcrumb\"},\"inLanguage\":\"pt-BR\",\"potentialAction\":[{\"@type\":\"ReadAction\",\"target\":[\"https:\/\/eco-tech.inf.br\/index.php\/product\/cabo-hdmi-5-metros-1-4-emborrachado-exbom\/\"]}]},{\"@type\":\"ImageObject\",\"inLanguage\":\"pt-BR\",\"@id\":\"https:\/\/eco-tech.inf.br\/index.php\/product\/cabo-hdmi-5-metros-1-4-emborrachado-exbom\/#primaryimage\",\"url\":\"https:\/\/i0.wp.com\/eco-tech.inf.br\/wp-content\/uploads\/2022\/03\/cb0442.png?fit=390%2C382&ssl=1\",\"contentUrl\":\"https:\/\/i0.wp.com\/eco-tech.inf.br\/wp-content\/uploads\/2022\/03\/cb0442.png?fit=390%2C382&ssl=1\",\"width\":390,\"height\":382},{\"@type\":\"BreadcrumbList\",\"@id\":\"https:\/\/eco-tech.inf.br\/index.php\/product\/cabo-hdmi-5-metros-1-4-emborrachado-exbom\/#breadcrumb\",\"itemListElement\":[{\"@type\":\"ListItem\",\"position\":1,\"name\":\"In\u00edcio\",\"item\":\"https:\/\/eco-tech.inf.br\/\"},{\"@type\":\"ListItem\",\"position\":2,\"name\":\"Produtos\",\"item\":\"https:\/\/eco-tech.inf.br\/index.php\/shop\/\"},{\"@type\":\"ListItem\",\"position\":3,\"name\":\"Cabo HDMI 5 Metros 1.4 Emborrachado EXBOM\"}]},{\"@type\":\"WebSite\",\"@id\":\"https:\/\/eco-tech.inf.br\/#website\",\"url\":\"https:\/\/eco-tech.inf.br\/\",\"name\":\"Eco-Tech - Solu\u00e7\u00f5es em tecnologia\",\"description\":\"Possu\u00edmos mais de 15 (anos) anos de experi\u00eancia levando para o norte do Brasil tecnologia de ponta trazida por grandes organiza\u00e7\u00f5es dos mais variados seguimentos.\",\"publisher\":{\"@id\":\"https:\/\/eco-tech.inf.br\/#organization\"},\"potentialAction\":[{\"@type\":\"SearchAction\",\"target\":{\"@type\":\"EntryPoint\",\"urlTemplate\":\"https:\/\/eco-tech.inf.br\/?s={search_term_string}\"},\"query-input\":{\"@type\":\"PropertyValueSpecification\",\"valueRequired\":true,\"valueName\":\"search_term_string\"}}],\"inLanguage\":\"pt-BR\"},{\"@type\":\"Organization\",\"@id\":\"https:\/\/eco-tech.inf.br\/#organization\",\"name\":\"ELO SOLU\u00c7\u00d5ES TECNOL\u00d3GICA LTDA\",\"url\":\"https:\/\/eco-tech.inf.br\/\",\"logo\":{\"@type\":\"ImageObject\",\"inLanguage\":\"pt-BR\",\"@id\":\"https:\/\/eco-tech.inf.br\/#\/schema\/logo\/image\/\",\"url\":\"https:\/\/i0.wp.com\/eco-tech.inf.br\/wp-content\/uploads\/2022\/03\/cropped-novologo-1.jpg?fit=512%2C512&ssl=1\",\"contentUrl\":\"https:\/\/i0.wp.com\/eco-tech.inf.br\/wp-content\/uploads\/2022\/03\/cropped-novologo-1.jpg?fit=512%2C512&ssl=1\",\"width\":512,\"height\":512,\"caption\":\"ELO SOLU\u00c7\u00d5ES TECNOL\u00d3GICA LTDA\"},\"image\":{\"@id\":\"https:\/\/eco-tech.inf.br\/#\/schema\/logo\/image\/\"},\"sameAs\":[\"https:\/\/www.facebook.com\/EcoTech-Tecnologia-107960038523316\",\"https:\/\/www.instagram.com\/p\/CbRSB23MmFd\/?utm_medium=copy_link\"]}]}<\/script>\n<!-- \/ Yoast SEO plugin. -->","yoast_head_json":{"title":"Cabo HDMI 5 Metros 1.4 Emborrachado EXBOM - Eco-Tech - Solu\u00e7\u00f5es em tecnologia","robots":{"index":"index","follow":"follow","max-snippet":"max-snippet:-1","max-image-preview":"max-image-preview:large","max-video-preview":"max-video-preview:-1"},"canonical":"https:\/\/eco-tech.inf.br\/index.php\/product\/cabo-hdmi-5-metros-1-4-emborrachado-exbom\/","og_locale":"pt_BR","og_type":"article","og_title":"Cabo HDMI 5 Metros 1.4 Emborrachado EXBOM - Eco-Tech - Solu\u00e7\u00f5es em tecnologia","og_description":"O cabo HDMI vers\u00e3o 1.4 \u00e9 indicado para a conex\u00e3o com aparelhos com entrada HDMI como TVs, videogames, computadores e monitores. O uso do cabo garante uma \u00f3tima conectividade e consequentemente uma transmiss\u00e3o de dados sem perda de sinal. Possui revestimento emborrachado, conectores inoxid\u00e1veis e banhados a outo evitando ru\u00eddos e interfer\u00eancias. A estrutura \u00e9 [&hellip;]","og_url":"https:\/\/eco-tech.inf.br\/index.php\/product\/cabo-hdmi-5-metros-1-4-emborrachado-exbom\/","og_site_name":"Eco-Tech - Solu\u00e7\u00f5es em tecnologia","article_publisher":"https:\/\/www.facebook.com\/EcoTech-Tecnologia-107960038523316","og_image":[{"width":390,"height":382,"url":"https:\/\/i0.wp.com\/eco-tech.inf.br\/wp-content\/uploads\/2022\/03\/cb0442.png?fit=390%2C382&ssl=1","type":"image\/png"}],"twitter_card":"summary_large_image","twitter_misc":{"Est. tempo de leitura":"1 minuto"},"schema":{"@context":"https:\/\/schema.org","@graph":[{"@type":"WebPage","@id":"https:\/\/eco-tech.inf.br\/index.php\/product\/cabo-hdmi-5-metros-1-4-emborrachado-exbom\/","url":"https:\/\/eco-tech.inf.br\/index.php\/product\/cabo-hdmi-5-metros-1-4-emborrachado-exbom\/","name":"Cabo HDMI 5 Metros 1.4 Emborrachado EXBOM - Eco-Tech - Solu\u00e7\u00f5es em tecnologia","isPartOf":{"@id":"https:\/\/eco-tech.inf.br\/#website"},"primaryImageOfPage":{"@id":"https:\/\/eco-tech.inf.br\/index.php\/product\/cabo-hdmi-5-metros-1-4-emborrachado-exbom\/#primaryimage"},"image":{"@id":"https:\/\/eco-tech.inf.br\/index.php\/product\/cabo-hdmi-5-metros-1-4-emborrachado-exbom\/#primaryimage"},"thumbnailUrl":"https:\/\/i0.wp.com\/eco-tech.inf.br\/wp-content\/uploads\/2022\/03\/cb0442.png?fit=390%2C382&ssl=1","datePublished":"2022-03-27T20:40:25+00:00","dateModified":"2022-03-27T20:40:25+00:00","breadcrumb":{"@id":"https:\/\/eco-tech.inf.br\/index.php\/product\/cabo-hdmi-5-metros-1-4-emborrachado-exbom\/#breadcrumb"},"inLanguage":"pt-BR","potentialAction":[{"@type":"ReadAction","target":["https:\/\/eco-tech.inf.br\/index.php\/product\/cabo-hdmi-5-metros-1-4-emborrachado-exbom\/"]}]},{"@type":"ImageObject","inLanguage":"pt-BR","@id":"https:\/\/eco-tech.inf.br\/index.php\/product\/cabo-hdmi-5-metros-1-4-emborrachado-exbom\/#primaryimage","url":"https:\/\/i0.wp.com\/eco-tech.inf.br\/wp-content\/uploads\/2022\/03\/cb0442.png?fit=390%2C382&ssl=1","contentUrl":"https:\/\/i0.wp.com\/eco-tech.inf.br\/wp-content\/uploads\/2022\/03\/cb0442.png?fit=390%2C382&ssl=1","width":390,"height":382},{"@type":"BreadcrumbList","@id":"https:\/\/eco-tech.inf.br\/index.php\/product\/cabo-hdmi-5-metros-1-4-emborrachado-exbom\/#breadcrumb","itemListElement":[{"@type":"ListItem","position":1,"name":"In\u00edcio","item":"https:\/\/eco-tech.inf.br\/"},{"@type":"ListItem","position":2,"name":"Produtos","item":"https:\/\/eco-tech.inf.br\/index.php\/shop\/"},{"@type":"ListItem","position":3,"name":"Cabo HDMI 5 Metros 1.4 Emborrachado EXBOM"}]},{"@type":"WebSite","@id":"https:\/\/eco-tech.inf.br\/#website","url":"https:\/\/eco-tech.inf.br\/","name":"Eco-Tech - Solu\u00e7\u00f5es em tecnologia","description":"Possu\u00edmos mais de 15 (anos) anos de experi\u00eancia levando para o norte do Brasil tecnologia de ponta trazida por grandes organiza\u00e7\u00f5es dos mais variados seguimentos.","publisher":{"@id":"https:\/\/eco-tech.inf.br\/#organization"},"potentialAction":[{"@type":"SearchAction","target":{"@type":"EntryPoint","urlTemplate":"https:\/\/eco-tech.inf.br\/?s={search_term_string}"},"query-input":{"@type":"PropertyValueSpecification","valueRequired":true,"valueName":"search_term_string"}}],"inLanguage":"pt-BR"},{"@type":"Organization","@id":"https:\/\/eco-tech.inf.br\/#organization","name":"ELO SOLU\u00c7\u00d5ES TECNOL\u00d3GICA LTDA","url":"https:\/\/eco-tech.inf.br\/","logo":{"@type":"ImageObject","inLanguage":"pt-BR","@id":"https:\/\/eco-tech.inf.br\/#\/schema\/logo\/image\/","url":"https:\/\/i0.wp.com\/eco-tech.inf.br\/wp-content\/uploads\/2022\/03\/cropped-novologo-1.jpg?fit=512%2C512&ssl=1","contentUrl":"https:\/\/i0.wp.com\/eco-tech.inf.br\/wp-content\/uploads\/2022\/03\/cropped-novologo-1.jpg?fit=512%2C512&ssl=1","width":512,"height":512,"caption":"ELO SOLU\u00c7\u00d5ES TECNOL\u00d3GICA LTDA"},"image":{"@id":"https:\/\/eco-tech.inf.br\/#\/schema\/logo\/image\/"},"sameAs":["https:\/\/www.facebook.com\/EcoTech-Tecnologia-107960038523316","https:\/\/www.instagram.com\/p\/CbRSB23MmFd\/?utm_medium=copy_link"]}]}},"jetpack_sharing_enabled":true,"_links":{"self":[{"href":"https:\/\/eco-tech.inf.br\/index.php\/wp-json\/wp\/v2\/product\/212"}],"collection":[{"href":"https:\/\/eco-tech.inf.br\/index.php\/wp-json\/wp\/v2\/product"}],"about":[{"href":"https:\/\/eco-tech.inf.br\/index.php\/wp-json\/wp\/v2\/types\/product"}],"replies":[{"embeddable":true,"href":"https:\/\/eco-tech.inf.br\/index.php\/wp-json\/wp\/v2\/comments?post=212"}],"wp:featuredmedia":[{"embeddable":true,"href":"https:\/\/eco-tech.inf.br\/index.php\/wp-json\/wp\/v2\/media\/213"}],"wp:attachment":[{"href":"https:\/\/eco-tech.inf.br\/index.php\/wp-json\/wp\/v2\/media?parent=212"}],"wp:term":[{"taxonomy":"product_cat","embeddable":true,"href":"https:\/\/eco-tech.inf.br\/index.php\/wp-json\/wp\/v2\/product_cat?post=212"},{"taxonomy":"product_tag","embeddable":true,"href":"https:\/\/eco-tech.inf.br\/index.php\/wp-json\/wp\/v2\/product_tag?post=212"}],"curies":[{"name":"wp","href":"https:\/\/api.w.org\/{rel}","templated":true}]}}