{"id":178,"date":"2022-03-27T14:50:28","date_gmt":"2022-03-27T18:50:28","guid":{"rendered":"https:\/\/eco-tech.inf.br\/?post_type=product&#038;p=178"},"modified":"2022-05-25T16:14:06","modified_gmt":"2022-05-25T20:14:06","slug":"case-hd-adaptador-universal-dvd-para-hd-ou-ssd-9-5mm","status":"publish","type":"product","link":"https:\/\/eco-tech.inf.br\/index.php\/product\/case-hd-adaptador-universal-dvd-para-hd-ou-ssd-9-5mm\/","title":{"rendered":"Case HD Adaptador Universal DVD Para HD ou SSD 9.5mm"},"content":{"rendered":"<p>O Adaptador Caddy Para Segundo Hd Ou Ssd 9mm Para Notebook. \u00c9 A Forma Mais Inteligente De Aproveitar Espa\u00e7o No Seu Notebook Para Aumentar A Mem\u00f3ria E A Capacidade De Armazenamento Do Seu Equipamento! Basta Desinstalar O Driver De Dvd, Substitu\u00ed-Lo Por Um Caddy E Equip\u00e1-Lo Com O Produto De Sua Prefer\u00eancia!<br \/>\nEspecifica\u00e7\u00f5es:<\/p>\n<p>Condi\u00e7\u00e3o: Novo No Blister<\/p>\n<p>Largura Da Entrada: 9mm<\/p>\n<p>O Painel \u00c9 Remov\u00edvel<\/p>\n<p>Hd Interface: ( 2.5 Sata E Ssd Drives )<\/p>\n<p>Laptop \/ Mother Board Interface: Sata<\/p>\n<p>Na Embalagem Inclui:<\/p>\n<p>1x Adaptador Dvd Para Hd Ou Ssd Notebook Drive Caddy 9mm Sata<br \/>\n1x Chave De Fenda<br \/>\n1x Tampa Frontal do DVD<\/p>\n<p>N\u00e3o Inclui Hd Ou Ssd<\/p>\n<p>Aten\u00e7\u00e3o! Existem Apenas Dois Tipos De Drivers De Dvd: 12.7mm E 9.5mm. Para Ter Certeza Basta Verificar Com Uma R\u00e9gua Padr\u00e3o. Se Maior Que 1 Cm, O Correto \u00c9 O De 12.Mm, Caso Contr\u00e1rio \u00c9 O De 9.5mm.<br \/>\nN\u00e3o Acompanha Hd Ou Ssd.<\/p>\n","protected":false},"excerpt":{"rendered":"<p>O Adaptador Caddy Para Segundo Hd Ou Ssd 9mm Para Notebook. \u00c9 A Forma Mais Inteligente De Aproveitar Espa\u00e7o No Seu Notebook Para Aumentar A Mem\u00f3ria E A Capacidade De Armazenamento Do Seu Equipamento! Basta Desinstalar O Driver De Dvd, Substitu\u00ed-Lo Por Um Caddy E Equip\u00e1-Lo Com O Produto De Sua Prefer\u00eancia! Especifica\u00e7\u00f5es: Condi\u00e7\u00e3o: Novo [&hellip;]<\/p>\n","protected":false},"featured_media":619,"comment_status":"closed","ping_status":"closed","template":"","meta":[],"product_cat":[21,30],"product_tag":[34],"yoast_head":"<!-- This site is optimized with the Yoast SEO plugin v23.5 - https:\/\/yoast.com\/wordpress\/plugins\/seo\/ -->\n<title>Case HD Adaptador Universal DVD Para HD ou SSD 9.5mm - Eco-Tech - Solu\u00e7\u00f5es em tecnologia<\/title>\n<meta name=\"robots\" content=\"index, follow, max-snippet:-1, max-image-preview:large, max-video-preview:-1\" \/>\n<link rel=\"canonical\" href=\"https:\/\/eco-tech.inf.br\/index.php\/product\/case-hd-adaptador-universal-dvd-para-hd-ou-ssd-9-5mm\/\" \/>\n<meta property=\"og:locale\" content=\"pt_BR\" \/>\n<meta property=\"og:type\" content=\"article\" \/>\n<meta property=\"og:title\" content=\"Case HD Adaptador Universal DVD Para HD ou SSD 9.5mm - Eco-Tech - Solu\u00e7\u00f5es em tecnologia\" \/>\n<meta property=\"og:description\" content=\"O Adaptador Caddy Para Segundo Hd Ou Ssd 9mm Para Notebook. \u00c9 A Forma Mais Inteligente De Aproveitar Espa\u00e7o No Seu Notebook Para Aumentar A Mem\u00f3ria E A Capacidade De Armazenamento Do Seu Equipamento! Basta Desinstalar O Driver De Dvd, Substitu\u00ed-Lo Por Um Caddy E Equip\u00e1-Lo Com O Produto De Sua Prefer\u00eancia! Especifica\u00e7\u00f5es: Condi\u00e7\u00e3o: Novo [&hellip;]\" \/>\n<meta property=\"og:url\" content=\"https:\/\/eco-tech.inf.br\/index.php\/product\/case-hd-adaptador-universal-dvd-para-hd-ou-ssd-9-5mm\/\" \/>\n<meta property=\"og:site_name\" content=\"Eco-Tech - Solu\u00e7\u00f5es em tecnologia\" \/>\n<meta property=\"article:publisher\" content=\"https:\/\/www.facebook.com\/EcoTech-Tecnologia-107960038523316\" \/>\n<meta property=\"article:modified_time\" content=\"2022-05-25T20:14:06+00:00\" \/>\n<meta property=\"og:image\" content=\"https:\/\/i0.wp.com\/eco-tech.inf.br\/wp-content\/uploads\/2022\/03\/1-6.png?fit=459%2C500&ssl=1\" \/>\n\t<meta property=\"og:image:width\" content=\"459\" \/>\n\t<meta property=\"og:image:height\" content=\"500\" \/>\n\t<meta property=\"og:image:type\" content=\"image\/png\" \/>\n<meta name=\"twitter:card\" content=\"summary_large_image\" \/>\n<meta name=\"twitter:label1\" content=\"Est. tempo de leitura\" \/>\n\t<meta name=\"twitter:data1\" content=\"1 minuto\" \/>\n<script type=\"application\/ld+json\" class=\"yoast-schema-graph\">{\"@context\":\"https:\/\/schema.org\",\"@graph\":[{\"@type\":\"WebPage\",\"@id\":\"https:\/\/eco-tech.inf.br\/index.php\/product\/case-hd-adaptador-universal-dvd-para-hd-ou-ssd-9-5mm\/\",\"url\":\"https:\/\/eco-tech.inf.br\/index.php\/product\/case-hd-adaptador-universal-dvd-para-hd-ou-ssd-9-5mm\/\",\"name\":\"Case HD Adaptador Universal DVD Para HD ou SSD 9.5mm - Eco-Tech - Solu\u00e7\u00f5es em tecnologia\",\"isPartOf\":{\"@id\":\"https:\/\/eco-tech.inf.br\/#website\"},\"primaryImageOfPage\":{\"@id\":\"https:\/\/eco-tech.inf.br\/index.php\/product\/case-hd-adaptador-universal-dvd-para-hd-ou-ssd-9-5mm\/#primaryimage\"},\"image\":{\"@id\":\"https:\/\/eco-tech.inf.br\/index.php\/product\/case-hd-adaptador-universal-dvd-para-hd-ou-ssd-9-5mm\/#primaryimage\"},\"thumbnailUrl\":\"https:\/\/i0.wp.com\/eco-tech.inf.br\/wp-content\/uploads\/2022\/03\/1-6.png?fit=459%2C500&ssl=1\",\"datePublished\":\"2022-03-27T18:50:28+00:00\",\"dateModified\":\"2022-05-25T20:14:06+00:00\",\"breadcrumb\":{\"@id\":\"https:\/\/eco-tech.inf.br\/index.php\/product\/case-hd-adaptador-universal-dvd-para-hd-ou-ssd-9-5mm\/#breadcrumb\"},\"inLanguage\":\"pt-BR\",\"potentialAction\":[{\"@type\":\"ReadAction\",\"target\":[\"https:\/\/eco-tech.inf.br\/index.php\/product\/case-hd-adaptador-universal-dvd-para-hd-ou-ssd-9-5mm\/\"]}]},{\"@type\":\"ImageObject\",\"inLanguage\":\"pt-BR\",\"@id\":\"https:\/\/eco-tech.inf.br\/index.php\/product\/case-hd-adaptador-universal-dvd-para-hd-ou-ssd-9-5mm\/#primaryimage\",\"url\":\"https:\/\/i0.wp.com\/eco-tech.inf.br\/wp-content\/uploads\/2022\/03\/1-6.png?fit=459%2C500&ssl=1\",\"contentUrl\":\"https:\/\/i0.wp.com\/eco-tech.inf.br\/wp-content\/uploads\/2022\/03\/1-6.png?fit=459%2C500&ssl=1\",\"width\":459,\"height\":500},{\"@type\":\"BreadcrumbList\",\"@id\":\"https:\/\/eco-tech.inf.br\/index.php\/product\/case-hd-adaptador-universal-dvd-para-hd-ou-ssd-9-5mm\/#breadcrumb\",\"itemListElement\":[{\"@type\":\"ListItem\",\"position\":1,\"name\":\"In\u00edcio\",\"item\":\"https:\/\/eco-tech.inf.br\/\"},{\"@type\":\"ListItem\",\"position\":2,\"name\":\"Produtos\",\"item\":\"https:\/\/eco-tech.inf.br\/index.php\/shop\/\"},{\"@type\":\"ListItem\",\"position\":3,\"name\":\"Case HD Adaptador Universal DVD Para HD ou SSD 9.5mm\"}]},{\"@type\":\"WebSite\",\"@id\":\"https:\/\/eco-tech.inf.br\/#website\",\"url\":\"https:\/\/eco-tech.inf.br\/\",\"name\":\"Eco-Tech - Solu\u00e7\u00f5es em tecnologia\",\"description\":\"Possu\u00edmos mais de 15 (anos) anos de experi\u00eancia levando para o norte do Brasil tecnologia de ponta trazida por grandes organiza\u00e7\u00f5es dos mais variados seguimentos.\",\"publisher\":{\"@id\":\"https:\/\/eco-tech.inf.br\/#organization\"},\"potentialAction\":[{\"@type\":\"SearchAction\",\"target\":{\"@type\":\"EntryPoint\",\"urlTemplate\":\"https:\/\/eco-tech.inf.br\/?s={search_term_string}\"},\"query-input\":{\"@type\":\"PropertyValueSpecification\",\"valueRequired\":true,\"valueName\":\"search_term_string\"}}],\"inLanguage\":\"pt-BR\"},{\"@type\":\"Organization\",\"@id\":\"https:\/\/eco-tech.inf.br\/#organization\",\"name\":\"ELO SOLU\u00c7\u00d5ES TECNOL\u00d3GICA LTDA\",\"url\":\"https:\/\/eco-tech.inf.br\/\",\"logo\":{\"@type\":\"ImageObject\",\"inLanguage\":\"pt-BR\",\"@id\":\"https:\/\/eco-tech.inf.br\/#\/schema\/logo\/image\/\",\"url\":\"https:\/\/i0.wp.com\/eco-tech.inf.br\/wp-content\/uploads\/2022\/03\/cropped-novologo-1.jpg?fit=512%2C512&ssl=1\",\"contentUrl\":\"https:\/\/i0.wp.com\/eco-tech.inf.br\/wp-content\/uploads\/2022\/03\/cropped-novologo-1.jpg?fit=512%2C512&ssl=1\",\"width\":512,\"height\":512,\"caption\":\"ELO SOLU\u00c7\u00d5ES TECNOL\u00d3GICA LTDA\"},\"image\":{\"@id\":\"https:\/\/eco-tech.inf.br\/#\/schema\/logo\/image\/\"},\"sameAs\":[\"https:\/\/www.facebook.com\/EcoTech-Tecnologia-107960038523316\",\"https:\/\/www.instagram.com\/p\/CbRSB23MmFd\/?utm_medium=copy_link\"]}]}<\/script>\n<!-- \/ Yoast SEO plugin. -->","yoast_head_json":{"title":"Case HD Adaptador Universal DVD Para HD ou SSD 9.5mm - Eco-Tech - Solu\u00e7\u00f5es em tecnologia","robots":{"index":"index","follow":"follow","max-snippet":"max-snippet:-1","max-image-preview":"max-image-preview:large","max-video-preview":"max-video-preview:-1"},"canonical":"https:\/\/eco-tech.inf.br\/index.php\/product\/case-hd-adaptador-universal-dvd-para-hd-ou-ssd-9-5mm\/","og_locale":"pt_BR","og_type":"article","og_title":"Case HD Adaptador Universal DVD Para HD ou SSD 9.5mm - Eco-Tech - Solu\u00e7\u00f5es em tecnologia","og_description":"O Adaptador Caddy Para Segundo Hd Ou Ssd 9mm Para Notebook. \u00c9 A Forma Mais Inteligente De Aproveitar Espa\u00e7o No Seu Notebook Para Aumentar A Mem\u00f3ria E A Capacidade De Armazenamento Do Seu Equipamento! Basta Desinstalar O Driver De Dvd, Substitu\u00ed-Lo Por Um Caddy E Equip\u00e1-Lo Com O Produto De Sua Prefer\u00eancia! Especifica\u00e7\u00f5es: Condi\u00e7\u00e3o: Novo [&hellip;]","og_url":"https:\/\/eco-tech.inf.br\/index.php\/product\/case-hd-adaptador-universal-dvd-para-hd-ou-ssd-9-5mm\/","og_site_name":"Eco-Tech - Solu\u00e7\u00f5es em tecnologia","article_publisher":"https:\/\/www.facebook.com\/EcoTech-Tecnologia-107960038523316","article_modified_time":"2022-05-25T20:14:06+00:00","og_image":[{"width":459,"height":500,"url":"https:\/\/i0.wp.com\/eco-tech.inf.br\/wp-content\/uploads\/2022\/03\/1-6.png?fit=459%2C500&ssl=1","type":"image\/png"}],"twitter_card":"summary_large_image","twitter_misc":{"Est. tempo de leitura":"1 minuto"},"schema":{"@context":"https:\/\/schema.org","@graph":[{"@type":"WebPage","@id":"https:\/\/eco-tech.inf.br\/index.php\/product\/case-hd-adaptador-universal-dvd-para-hd-ou-ssd-9-5mm\/","url":"https:\/\/eco-tech.inf.br\/index.php\/product\/case-hd-adaptador-universal-dvd-para-hd-ou-ssd-9-5mm\/","name":"Case HD Adaptador Universal DVD Para HD ou SSD 9.5mm - Eco-Tech - Solu\u00e7\u00f5es em tecnologia","isPartOf":{"@id":"https:\/\/eco-tech.inf.br\/#website"},"primaryImageOfPage":{"@id":"https:\/\/eco-tech.inf.br\/index.php\/product\/case-hd-adaptador-universal-dvd-para-hd-ou-ssd-9-5mm\/#primaryimage"},"image":{"@id":"https:\/\/eco-tech.inf.br\/index.php\/product\/case-hd-adaptador-universal-dvd-para-hd-ou-ssd-9-5mm\/#primaryimage"},"thumbnailUrl":"https:\/\/i0.wp.com\/eco-tech.inf.br\/wp-content\/uploads\/2022\/03\/1-6.png?fit=459%2C500&ssl=1","datePublished":"2022-03-27T18:50:28+00:00","dateModified":"2022-05-25T20:14:06+00:00","breadcrumb":{"@id":"https:\/\/eco-tech.inf.br\/index.php\/product\/case-hd-adaptador-universal-dvd-para-hd-ou-ssd-9-5mm\/#breadcrumb"},"inLanguage":"pt-BR","potentialAction":[{"@type":"ReadAction","target":["https:\/\/eco-tech.inf.br\/index.php\/product\/case-hd-adaptador-universal-dvd-para-hd-ou-ssd-9-5mm\/"]}]},{"@type":"ImageObject","inLanguage":"pt-BR","@id":"https:\/\/eco-tech.inf.br\/index.php\/product\/case-hd-adaptador-universal-dvd-para-hd-ou-ssd-9-5mm\/#primaryimage","url":"https:\/\/i0.wp.com\/eco-tech.inf.br\/wp-content\/uploads\/2022\/03\/1-6.png?fit=459%2C500&ssl=1","contentUrl":"https:\/\/i0.wp.com\/eco-tech.inf.br\/wp-content\/uploads\/2022\/03\/1-6.png?fit=459%2C500&ssl=1","width":459,"height":500},{"@type":"BreadcrumbList","@id":"https:\/\/eco-tech.inf.br\/index.php\/product\/case-hd-adaptador-universal-dvd-para-hd-ou-ssd-9-5mm\/#breadcrumb","itemListElement":[{"@type":"ListItem","position":1,"name":"In\u00edcio","item":"https:\/\/eco-tech.inf.br\/"},{"@type":"ListItem","position":2,"name":"Produtos","item":"https:\/\/eco-tech.inf.br\/index.php\/shop\/"},{"@type":"ListItem","position":3,"name":"Case HD Adaptador Universal DVD Para HD ou SSD 9.5mm"}]},{"@type":"WebSite","@id":"https:\/\/eco-tech.inf.br\/#website","url":"https:\/\/eco-tech.inf.br\/","name":"Eco-Tech - Solu\u00e7\u00f5es em tecnologia","description":"Possu\u00edmos mais de 15 (anos) anos de experi\u00eancia levando para o norte do Brasil tecnologia de ponta trazida por grandes organiza\u00e7\u00f5es dos mais variados seguimentos.","publisher":{"@id":"https:\/\/eco-tech.inf.br\/#organization"},"potentialAction":[{"@type":"SearchAction","target":{"@type":"EntryPoint","urlTemplate":"https:\/\/eco-tech.inf.br\/?s={search_term_string}"},"query-input":{"@type":"PropertyValueSpecification","valueRequired":true,"valueName":"search_term_string"}}],"inLanguage":"pt-BR"},{"@type":"Organization","@id":"https:\/\/eco-tech.inf.br\/#organization","name":"ELO SOLU\u00c7\u00d5ES TECNOL\u00d3GICA LTDA","url":"https:\/\/eco-tech.inf.br\/","logo":{"@type":"ImageObject","inLanguage":"pt-BR","@id":"https:\/\/eco-tech.inf.br\/#\/schema\/logo\/image\/","url":"https:\/\/i0.wp.com\/eco-tech.inf.br\/wp-content\/uploads\/2022\/03\/cropped-novologo-1.jpg?fit=512%2C512&ssl=1","contentUrl":"https:\/\/i0.wp.com\/eco-tech.inf.br\/wp-content\/uploads\/2022\/03\/cropped-novologo-1.jpg?fit=512%2C512&ssl=1","width":512,"height":512,"caption":"ELO SOLU\u00c7\u00d5ES TECNOL\u00d3GICA LTDA"},"image":{"@id":"https:\/\/eco-tech.inf.br\/#\/schema\/logo\/image\/"},"sameAs":["https:\/\/www.facebook.com\/EcoTech-Tecnologia-107960038523316","https:\/\/www.instagram.com\/p\/CbRSB23MmFd\/?utm_medium=copy_link"]}]}},"jetpack_sharing_enabled":true,"_links":{"self":[{"href":"https:\/\/eco-tech.inf.br\/index.php\/wp-json\/wp\/v2\/product\/178"}],"collection":[{"href":"https:\/\/eco-tech.inf.br\/index.php\/wp-json\/wp\/v2\/product"}],"about":[{"href":"https:\/\/eco-tech.inf.br\/index.php\/wp-json\/wp\/v2\/types\/product"}],"replies":[{"embeddable":true,"href":"https:\/\/eco-tech.inf.br\/index.php\/wp-json\/wp\/v2\/comments?post=178"}],"wp:featuredmedia":[{"embeddable":true,"href":"https:\/\/eco-tech.inf.br\/index.php\/wp-json\/wp\/v2\/media\/619"}],"wp:attachment":[{"href":"https:\/\/eco-tech.inf.br\/index.php\/wp-json\/wp\/v2\/media?parent=178"}],"wp:term":[{"taxonomy":"product_cat","embeddable":true,"href":"https:\/\/eco-tech.inf.br\/index.php\/wp-json\/wp\/v2\/product_cat?post=178"},{"taxonomy":"product_tag","embeddable":true,"href":"https:\/\/eco-tech.inf.br\/index.php\/wp-json\/wp\/v2\/product_tag?post=178"}],"curies":[{"name":"wp","href":"https:\/\/api.w.org\/{rel}","templated":true}]}}