{"id":127,"date":"2022-03-26T16:32:25","date_gmt":"2022-03-26T20:32:25","guid":{"rendered":"https:\/\/eco-tech.inf.br\/?post_type=product&#038;p=127"},"modified":"2022-03-27T14:34:01","modified_gmt":"2022-03-27T18:34:01","slug":"impressora-termica-de-cupom-nao-fiscal-bematech-mp-4200-th-usb","status":"publish","type":"product","link":"https:\/\/eco-tech.inf.br\/index.php\/product\/impressora-termica-de-cupom-nao-fiscal-bematech-mp-4200-th-usb\/","title":{"rendered":"Impressora T\u00e9rmica de Cupom N\u00e3o Fiscal Bematech MP 4200 TH (USB)"},"content":{"rendered":"<div class=\"content\">\n<p>A Impressora de Cupom T\u00e9rmica Bematech MP4200 TH \u00e9 a melhor op\u00e7\u00e3o\u00a0para emiss\u00e3o de cupons e recibos n\u00e3o fiscais e atende perfeitamente aos segmentos que trabalham com grande volume de impress\u00e3o di\u00e1ria.<\/p>\n<p>Pensando nessa alta necessidade, ela \u00e9\u00a0ideal para quem precisa agilizar o atendimento ao cliente, bem como automatizar os procedimentos de trabalho, como ordens de servi\u00e7o ou cupons de valor n\u00e3o fiscal, nos seguintes estabelecimentos:<\/p>\n<ul>\n<li>mercados,<\/li>\n<li>lojas de conveni\u00eancia,<\/li>\n<li>bares e restaurantes,<\/li>\n<li>sorveterias,<\/li>\n<li>a\u00e7ougues,<\/li>\n<li>drogarias,<\/li>\n<li>estacionamentos,<\/li>\n<li>postos de combust\u00edvel,<\/li>\n<li>lojas de atacado e varejo<\/li>\n<\/ul>\n<p>A Impressora de Cupom T\u00e9rmica Bematech MP 4200 TH proporciona agilidade nos trabalhos com uma velocidade de impress\u00e3o de 250mm por segundo para textos gr\u00e1ficos, al\u00e9m de vir\u00a0com o Easy Recovery System (ERS), sistema que resolve atolamentos de papel de forma r\u00e1pida, por meio da abertura da tampa, reduzindo significativamente o tempo gasto com este problema comum.<\/p>\n<p>A impressora trabalha com conex\u00e3o USB e possibilita, ainda, uma segunda interface opcional e modular: a Serial RS-232 ou\u00a0Ethernet.<\/p>\n<p>Al\u00e9m da r\u00e1pida impress\u00e3o, o corte do papel \u00e9 realizado por guilhotina e a qualidade da impress\u00e3o \u00e9 de alta resolu\u00e7\u00e3o.<\/p>\n<p>Para facilitar o trabalho de quem a manuseia, a impressora tamb\u00e9m tem sensor que avisa quando o papel est\u00e1 no fim, sobre temperatura da cabe\u00e7a de impress\u00e3o para evitar superaquecimento e se a tampa est\u00e1 aberta.<\/p>\n<p>Outra caracter\u00edstica do equipamento\u00a0\u00e9 o mecanismo e m\u00f3dulo eletr\u00f4nico independente, ou seja, caso haja algum problema, n\u00e3o \u00e9 preciso tirar o equipamento do local para a manuten\u00e7\u00e3o, nem interromper a opera\u00e7\u00e3o, j\u00e1 que existe um mecanismo impressor de backup.<\/p>\n<\/div>\n<div>\n<table class=\"table-property\">\n<thead class=\"table-property__head\">\n<tr class=\"table-property__row\">\n<td class=\"table-property__column\">Caracter\u00edstica<\/td>\n<td class=\"table-property__column\">Valor<\/td>\n<\/tr>\n<\/thead>\n<tbody class=\"table-property__body\">\n<tr class=\"table-property__row\">\n<td class=\"table-property__column\">Conex\u00e3o<\/td>\n<td class=\"table-property__column\">USB<\/td>\n<\/tr>\n<tr class=\"table-property__row\">\n<td class=\"table-property__column\">Velocidade de impress\u00e3o<\/td>\n<td class=\"table-property__column\">250mm\/s<\/td>\n<\/tr>\n<tr class=\"table-property__row\">\n<td class=\"table-property__column\">Corte<\/td>\n<td class=\"table-property__column\">Guilhotina<\/td>\n<\/tr>\n<tr class=\"table-property__row\">\n<td class=\"table-property__column\">Bobina suportada<\/td>\n<td class=\"table-property__column\">80mmx40m<\/td>\n<\/tr>\n<tr class=\"table-property__row\">\n<td class=\"table-property__column\">Integra com gaveta<\/td>\n<td class=\"table-property__column\">Sim<\/td>\n<\/tr>\n<tr class=\"table-property__row\">\n<td class=\"table-property__column\">Vida \u00fatil da cabe\u00e7a de impress\u00e3o<\/td>\n<td class=\"table-property__column\">200 Km<\/td>\n<\/tr>\n<tr class=\"table-property__row\">\n<td class=\"table-property__column\">Garantia<\/td>\n<td class=\"table-property__column\">36 meses<\/td>\n<\/tr>\n<\/tbody>\n<\/table>\n<\/div>\n","protected":false},"excerpt":{"rendered":"<p>A Impressora de Cupom T\u00e9rmica Bematech MP4200 TH \u00e9 a melhor op\u00e7\u00e3o\u00a0para emiss\u00e3o de cupons e recibos n\u00e3o fiscais e atende perfeitamente aos segmentos que trabalham com grande volume de impress\u00e3o di\u00e1ria. Pensando nessa alta necessidade, ela \u00e9\u00a0ideal para quem precisa agilizar o atendimento ao cliente, bem como automatizar os procedimentos de trabalho, como ordens [&hellip;]<\/p>\n","protected":false},"featured_media":128,"comment_status":"closed","ping_status":"closed","template":"","meta":[],"product_cat":[22,29],"product_tag":[],"yoast_head":"<!-- This site is optimized with the Yoast SEO plugin v23.5 - https:\/\/yoast.com\/wordpress\/plugins\/seo\/ -->\n<title>Impressora T\u00e9rmica de Cupom N\u00e3o Fiscal Bematech MP 4200 TH (USB) - Eco-Tech - Solu\u00e7\u00f5es em tecnologia<\/title>\n<meta name=\"robots\" content=\"index, follow, max-snippet:-1, max-image-preview:large, max-video-preview:-1\" \/>\n<link rel=\"canonical\" href=\"https:\/\/eco-tech.inf.br\/index.php\/product\/impressora-termica-de-cupom-nao-fiscal-bematech-mp-4200-th-usb\/\" \/>\n<meta property=\"og:locale\" content=\"pt_BR\" \/>\n<meta property=\"og:type\" content=\"article\" \/>\n<meta property=\"og:title\" content=\"Impressora T\u00e9rmica de Cupom N\u00e3o Fiscal Bematech MP 4200 TH (USB) - Eco-Tech - Solu\u00e7\u00f5es em tecnologia\" \/>\n<meta property=\"og:description\" content=\"A Impressora de Cupom T\u00e9rmica Bematech MP4200 TH \u00e9 a melhor op\u00e7\u00e3o\u00a0para emiss\u00e3o de cupons e recibos n\u00e3o fiscais e atende perfeitamente aos segmentos que trabalham com grande volume de impress\u00e3o di\u00e1ria. Pensando nessa alta necessidade, ela \u00e9\u00a0ideal para quem precisa agilizar o atendimento ao cliente, bem como automatizar os procedimentos de trabalho, como ordens [&hellip;]\" \/>\n<meta property=\"og:url\" content=\"https:\/\/eco-tech.inf.br\/index.php\/product\/impressora-termica-de-cupom-nao-fiscal-bematech-mp-4200-th-usb\/\" \/>\n<meta property=\"og:site_name\" content=\"Eco-Tech - Solu\u00e7\u00f5es em tecnologia\" \/>\n<meta property=\"article:publisher\" content=\"https:\/\/www.facebook.com\/EcoTech-Tecnologia-107960038523316\" \/>\n<meta property=\"article:modified_time\" content=\"2022-03-27T18:34:01+00:00\" \/>\n<meta property=\"og:image\" content=\"https:\/\/i0.wp.com\/eco-tech.inf.br\/wp-content\/uploads\/2022\/03\/impressora_de_cupom_termica_bematech_mp_4200_th_usb_guilhotina_1520_1_20180516113950.webp?fit=1000%2C1000&ssl=1\" \/>\n\t<meta property=\"og:image:width\" content=\"1000\" \/>\n\t<meta property=\"og:image:height\" content=\"1000\" \/>\n\t<meta property=\"og:image:type\" content=\"image\/webp\" \/>\n<meta name=\"twitter:card\" content=\"summary_large_image\" \/>\n<meta name=\"twitter:label1\" content=\"Est. tempo de leitura\" \/>\n\t<meta name=\"twitter:data1\" content=\"2 minutos\" \/>\n<script type=\"application\/ld+json\" class=\"yoast-schema-graph\">{\"@context\":\"https:\/\/schema.org\",\"@graph\":[{\"@type\":\"WebPage\",\"@id\":\"https:\/\/eco-tech.inf.br\/index.php\/product\/impressora-termica-de-cupom-nao-fiscal-bematech-mp-4200-th-usb\/\",\"url\":\"https:\/\/eco-tech.inf.br\/index.php\/product\/impressora-termica-de-cupom-nao-fiscal-bematech-mp-4200-th-usb\/\",\"name\":\"Impressora T\u00e9rmica de Cupom N\u00e3o Fiscal Bematech MP 4200 TH (USB) - Eco-Tech - Solu\u00e7\u00f5es em tecnologia\",\"isPartOf\":{\"@id\":\"https:\/\/eco-tech.inf.br\/#website\"},\"primaryImageOfPage\":{\"@id\":\"https:\/\/eco-tech.inf.br\/index.php\/product\/impressora-termica-de-cupom-nao-fiscal-bematech-mp-4200-th-usb\/#primaryimage\"},\"image\":{\"@id\":\"https:\/\/eco-tech.inf.br\/index.php\/product\/impressora-termica-de-cupom-nao-fiscal-bematech-mp-4200-th-usb\/#primaryimage\"},\"thumbnailUrl\":\"https:\/\/i0.wp.com\/eco-tech.inf.br\/wp-content\/uploads\/2022\/03\/impressora_de_cupom_termica_bematech_mp_4200_th_usb_guilhotina_1520_1_20180516113950.webp?fit=1000%2C1000&ssl=1\",\"datePublished\":\"2022-03-26T20:32:25+00:00\",\"dateModified\":\"2022-03-27T18:34:01+00:00\",\"breadcrumb\":{\"@id\":\"https:\/\/eco-tech.inf.br\/index.php\/product\/impressora-termica-de-cupom-nao-fiscal-bematech-mp-4200-th-usb\/#breadcrumb\"},\"inLanguage\":\"pt-BR\",\"potentialAction\":[{\"@type\":\"ReadAction\",\"target\":[\"https:\/\/eco-tech.inf.br\/index.php\/product\/impressora-termica-de-cupom-nao-fiscal-bematech-mp-4200-th-usb\/\"]}]},{\"@type\":\"ImageObject\",\"inLanguage\":\"pt-BR\",\"@id\":\"https:\/\/eco-tech.inf.br\/index.php\/product\/impressora-termica-de-cupom-nao-fiscal-bematech-mp-4200-th-usb\/#primaryimage\",\"url\":\"https:\/\/i0.wp.com\/eco-tech.inf.br\/wp-content\/uploads\/2022\/03\/impressora_de_cupom_termica_bematech_mp_4200_th_usb_guilhotina_1520_1_20180516113950.webp?fit=1000%2C1000&ssl=1\",\"contentUrl\":\"https:\/\/i0.wp.com\/eco-tech.inf.br\/wp-content\/uploads\/2022\/03\/impressora_de_cupom_termica_bematech_mp_4200_th_usb_guilhotina_1520_1_20180516113950.webp?fit=1000%2C1000&ssl=1\",\"width\":1000,\"height\":1000},{\"@type\":\"BreadcrumbList\",\"@id\":\"https:\/\/eco-tech.inf.br\/index.php\/product\/impressora-termica-de-cupom-nao-fiscal-bematech-mp-4200-th-usb\/#breadcrumb\",\"itemListElement\":[{\"@type\":\"ListItem\",\"position\":1,\"name\":\"In\u00edcio\",\"item\":\"https:\/\/eco-tech.inf.br\/\"},{\"@type\":\"ListItem\",\"position\":2,\"name\":\"Produtos\",\"item\":\"https:\/\/eco-tech.inf.br\/index.php\/shop\/\"},{\"@type\":\"ListItem\",\"position\":3,\"name\":\"Impressora T\u00e9rmica de Cupom N\u00e3o Fiscal Bematech MP 4200 TH (USB)\"}]},{\"@type\":\"WebSite\",\"@id\":\"https:\/\/eco-tech.inf.br\/#website\",\"url\":\"https:\/\/eco-tech.inf.br\/\",\"name\":\"Eco-Tech - Solu\u00e7\u00f5es em tecnologia\",\"description\":\"Possu\u00edmos mais de 15 (anos) anos de experi\u00eancia levando para o norte do Brasil tecnologia de ponta trazida por grandes organiza\u00e7\u00f5es dos mais variados seguimentos.\",\"publisher\":{\"@id\":\"https:\/\/eco-tech.inf.br\/#organization\"},\"potentialAction\":[{\"@type\":\"SearchAction\",\"target\":{\"@type\":\"EntryPoint\",\"urlTemplate\":\"https:\/\/eco-tech.inf.br\/?s={search_term_string}\"},\"query-input\":{\"@type\":\"PropertyValueSpecification\",\"valueRequired\":true,\"valueName\":\"search_term_string\"}}],\"inLanguage\":\"pt-BR\"},{\"@type\":\"Organization\",\"@id\":\"https:\/\/eco-tech.inf.br\/#organization\",\"name\":\"ELO SOLU\u00c7\u00d5ES TECNOL\u00d3GICA LTDA\",\"url\":\"https:\/\/eco-tech.inf.br\/\",\"logo\":{\"@type\":\"ImageObject\",\"inLanguage\":\"pt-BR\",\"@id\":\"https:\/\/eco-tech.inf.br\/#\/schema\/logo\/image\/\",\"url\":\"https:\/\/i0.wp.com\/eco-tech.inf.br\/wp-content\/uploads\/2022\/03\/cropped-novologo-1.jpg?fit=512%2C512&ssl=1\",\"contentUrl\":\"https:\/\/i0.wp.com\/eco-tech.inf.br\/wp-content\/uploads\/2022\/03\/cropped-novologo-1.jpg?fit=512%2C512&ssl=1\",\"width\":512,\"height\":512,\"caption\":\"ELO SOLU\u00c7\u00d5ES TECNOL\u00d3GICA LTDA\"},\"image\":{\"@id\":\"https:\/\/eco-tech.inf.br\/#\/schema\/logo\/image\/\"},\"sameAs\":[\"https:\/\/www.facebook.com\/EcoTech-Tecnologia-107960038523316\",\"https:\/\/www.instagram.com\/p\/CbRSB23MmFd\/?utm_medium=copy_link\"]}]}<\/script>\n<!-- \/ Yoast SEO plugin. -->","yoast_head_json":{"title":"Impressora T\u00e9rmica de Cupom N\u00e3o Fiscal Bematech MP 4200 TH (USB) - Eco-Tech - Solu\u00e7\u00f5es em tecnologia","robots":{"index":"index","follow":"follow","max-snippet":"max-snippet:-1","max-image-preview":"max-image-preview:large","max-video-preview":"max-video-preview:-1"},"canonical":"https:\/\/eco-tech.inf.br\/index.php\/product\/impressora-termica-de-cupom-nao-fiscal-bematech-mp-4200-th-usb\/","og_locale":"pt_BR","og_type":"article","og_title":"Impressora T\u00e9rmica de Cupom N\u00e3o Fiscal Bematech MP 4200 TH (USB) - Eco-Tech - Solu\u00e7\u00f5es em tecnologia","og_description":"A Impressora de Cupom T\u00e9rmica Bematech MP4200 TH \u00e9 a melhor op\u00e7\u00e3o\u00a0para emiss\u00e3o de cupons e recibos n\u00e3o fiscais e atende perfeitamente aos segmentos que trabalham com grande volume de impress\u00e3o di\u00e1ria. Pensando nessa alta necessidade, ela \u00e9\u00a0ideal para quem precisa agilizar o atendimento ao cliente, bem como automatizar os procedimentos de trabalho, como ordens [&hellip;]","og_url":"https:\/\/eco-tech.inf.br\/index.php\/product\/impressora-termica-de-cupom-nao-fiscal-bematech-mp-4200-th-usb\/","og_site_name":"Eco-Tech - Solu\u00e7\u00f5es em tecnologia","article_publisher":"https:\/\/www.facebook.com\/EcoTech-Tecnologia-107960038523316","article_modified_time":"2022-03-27T18:34:01+00:00","og_image":[{"width":1000,"height":1000,"url":"https:\/\/i0.wp.com\/eco-tech.inf.br\/wp-content\/uploads\/2022\/03\/impressora_de_cupom_termica_bematech_mp_4200_th_usb_guilhotina_1520_1_20180516113950.webp?fit=1000%2C1000&ssl=1","type":"image\/webp"}],"twitter_card":"summary_large_image","twitter_misc":{"Est. tempo de leitura":"2 minutos"},"schema":{"@context":"https:\/\/schema.org","@graph":[{"@type":"WebPage","@id":"https:\/\/eco-tech.inf.br\/index.php\/product\/impressora-termica-de-cupom-nao-fiscal-bematech-mp-4200-th-usb\/","url":"https:\/\/eco-tech.inf.br\/index.php\/product\/impressora-termica-de-cupom-nao-fiscal-bematech-mp-4200-th-usb\/","name":"Impressora T\u00e9rmica de Cupom N\u00e3o Fiscal Bematech MP 4200 TH (USB) - Eco-Tech - Solu\u00e7\u00f5es em tecnologia","isPartOf":{"@id":"https:\/\/eco-tech.inf.br\/#website"},"primaryImageOfPage":{"@id":"https:\/\/eco-tech.inf.br\/index.php\/product\/impressora-termica-de-cupom-nao-fiscal-bematech-mp-4200-th-usb\/#primaryimage"},"image":{"@id":"https:\/\/eco-tech.inf.br\/index.php\/product\/impressora-termica-de-cupom-nao-fiscal-bematech-mp-4200-th-usb\/#primaryimage"},"thumbnailUrl":"https:\/\/i0.wp.com\/eco-tech.inf.br\/wp-content\/uploads\/2022\/03\/impressora_de_cupom_termica_bematech_mp_4200_th_usb_guilhotina_1520_1_20180516113950.webp?fit=1000%2C1000&ssl=1","datePublished":"2022-03-26T20:32:25+00:00","dateModified":"2022-03-27T18:34:01+00:00","breadcrumb":{"@id":"https:\/\/eco-tech.inf.br\/index.php\/product\/impressora-termica-de-cupom-nao-fiscal-bematech-mp-4200-th-usb\/#breadcrumb"},"inLanguage":"pt-BR","potentialAction":[{"@type":"ReadAction","target":["https:\/\/eco-tech.inf.br\/index.php\/product\/impressora-termica-de-cupom-nao-fiscal-bematech-mp-4200-th-usb\/"]}]},{"@type":"ImageObject","inLanguage":"pt-BR","@id":"https:\/\/eco-tech.inf.br\/index.php\/product\/impressora-termica-de-cupom-nao-fiscal-bematech-mp-4200-th-usb\/#primaryimage","url":"https:\/\/i0.wp.com\/eco-tech.inf.br\/wp-content\/uploads\/2022\/03\/impressora_de_cupom_termica_bematech_mp_4200_th_usb_guilhotina_1520_1_20180516113950.webp?fit=1000%2C1000&ssl=1","contentUrl":"https:\/\/i0.wp.com\/eco-tech.inf.br\/wp-content\/uploads\/2022\/03\/impressora_de_cupom_termica_bematech_mp_4200_th_usb_guilhotina_1520_1_20180516113950.webp?fit=1000%2C1000&ssl=1","width":1000,"height":1000},{"@type":"BreadcrumbList","@id":"https:\/\/eco-tech.inf.br\/index.php\/product\/impressora-termica-de-cupom-nao-fiscal-bematech-mp-4200-th-usb\/#breadcrumb","itemListElement":[{"@type":"ListItem","position":1,"name":"In\u00edcio","item":"https:\/\/eco-tech.inf.br\/"},{"@type":"ListItem","position":2,"name":"Produtos","item":"https:\/\/eco-tech.inf.br\/index.php\/shop\/"},{"@type":"ListItem","position":3,"name":"Impressora T\u00e9rmica de Cupom N\u00e3o Fiscal Bematech MP 4200 TH (USB)"}]},{"@type":"WebSite","@id":"https:\/\/eco-tech.inf.br\/#website","url":"https:\/\/eco-tech.inf.br\/","name":"Eco-Tech - Solu\u00e7\u00f5es em tecnologia","description":"Possu\u00edmos mais de 15 (anos) anos de experi\u00eancia levando para o norte do Brasil tecnologia de ponta trazida por grandes organiza\u00e7\u00f5es dos mais variados seguimentos.","publisher":{"@id":"https:\/\/eco-tech.inf.br\/#organization"},"potentialAction":[{"@type":"SearchAction","target":{"@type":"EntryPoint","urlTemplate":"https:\/\/eco-tech.inf.br\/?s={search_term_string}"},"query-input":{"@type":"PropertyValueSpecification","valueRequired":true,"valueName":"search_term_string"}}],"inLanguage":"pt-BR"},{"@type":"Organization","@id":"https:\/\/eco-tech.inf.br\/#organization","name":"ELO SOLU\u00c7\u00d5ES TECNOL\u00d3GICA LTDA","url":"https:\/\/eco-tech.inf.br\/","logo":{"@type":"ImageObject","inLanguage":"pt-BR","@id":"https:\/\/eco-tech.inf.br\/#\/schema\/logo\/image\/","url":"https:\/\/i0.wp.com\/eco-tech.inf.br\/wp-content\/uploads\/2022\/03\/cropped-novologo-1.jpg?fit=512%2C512&ssl=1","contentUrl":"https:\/\/i0.wp.com\/eco-tech.inf.br\/wp-content\/uploads\/2022\/03\/cropped-novologo-1.jpg?fit=512%2C512&ssl=1","width":512,"height":512,"caption":"ELO SOLU\u00c7\u00d5ES TECNOL\u00d3GICA LTDA"},"image":{"@id":"https:\/\/eco-tech.inf.br\/#\/schema\/logo\/image\/"},"sameAs":["https:\/\/www.facebook.com\/EcoTech-Tecnologia-107960038523316","https:\/\/www.instagram.com\/p\/CbRSB23MmFd\/?utm_medium=copy_link"]}]}},"jetpack_sharing_enabled":true,"_links":{"self":[{"href":"https:\/\/eco-tech.inf.br\/index.php\/wp-json\/wp\/v2\/product\/127"}],"collection":[{"href":"https:\/\/eco-tech.inf.br\/index.php\/wp-json\/wp\/v2\/product"}],"about":[{"href":"https:\/\/eco-tech.inf.br\/index.php\/wp-json\/wp\/v2\/types\/product"}],"replies":[{"embeddable":true,"href":"https:\/\/eco-tech.inf.br\/index.php\/wp-json\/wp\/v2\/comments?post=127"}],"wp:featuredmedia":[{"embeddable":true,"href":"https:\/\/eco-tech.inf.br\/index.php\/wp-json\/wp\/v2\/media\/128"}],"wp:attachment":[{"href":"https:\/\/eco-tech.inf.br\/index.php\/wp-json\/wp\/v2\/media?parent=127"}],"wp:term":[{"taxonomy":"product_cat","embeddable":true,"href":"https:\/\/eco-tech.inf.br\/index.php\/wp-json\/wp\/v2\/product_cat?post=127"},{"taxonomy":"product_tag","embeddable":true,"href":"https:\/\/eco-tech.inf.br\/index.php\/wp-json\/wp\/v2\/product_tag?post=127"}],"curies":[{"name":"wp","href":"https:\/\/api.w.org\/{rel}","templated":true}]}}